 150. Is j composite?
True
Let t(m) = -65*m - 1. Let o be ((-2)/1)/(-1 + -1). Suppose -2*x = o + 7. Is t(x) a prime number?
False
Let w = 2289 - 388. Is w a composite number?
False
Let f(t) = t + 31. Suppose -9 = a - 3*d, 15 = 5*a - 2*d + 7*d. Is f(a) composite?
False
Let o(n) = -n**2 - 11*n - 9. Let s be o(-9). Let m be (s/6)/3*130. Let v = m - 46. Is v a prime number?
True
Let h be 1/(-1 - 0)*-2. Let g = h - -1. Suppose 28 = v - g. Is v a prime number?
True
Let r be 2/(1/30*-2). Let n be (4/6)/((-4)/r). Suppose n*g - 105 = z + 4*z, 0 = -5*z. Is g a prime number?
False
Suppose 2*b = 5*b - 2*n, -5*b - 3*n + 19 = 0. Suppose 108 = 3*u + 2*t, 6*u - 4*t = b*u + 124. Suppose j + 1 = u. Is j a prime number?
False
Let a(k) = 2*k + 16. Let n be a(-7). Suppose -6*l + 5*l + d = -191, -382 = -n*l - 5*d. Is l a prime number?
True
Suppose 4*d + 4*k = 584, -3*d - 5*k = 287 - 719. Is d prime?
True
Suppose 3*q = -2*q - 5*p + 10, 5*q + 2*p - 4 = 0. Suppose q = 3*g - y - 34, -44 = -4*g + y - 0*y. Let o = g - 3. Is o prime?
True
Let x be (-3)/(86/(-29) + 3). Let a = -16 - x. Is a a prime number?
True
Suppose -4*i + 6*m - 5*m = -2, -4 = 2*i + 2*m. Let c(j) = 22 - 8 - 37*j**3 + 36*j**3. Is c(i) a prime number?
False
Suppose -2*d - 29 + 7 = 0. Let t(f) = -f**3 - 11*f**2 - 8*f - 11. Is t(d) composite?
True
Let p = 1564 - -765. Is p prime?
False
Let m(q) = -q**3 + 14*q**2 - 12*q + 11. Let s be 0/(-1) + -4 + 12. Is m(s) prime?
False
Let a(f) = 5*f**2 - 5*f - 3. Let l be a(-5). Suppose 3*u - l = -0*u. Is u prime?
False
Let q = 3 - -2. Suppose -1182 = -4*h + q*z - 0*z, -4*z + 1457 = 5*h. Is h a prime number?
True
Suppose -19*h = -17*h - 418. Is h prime?
False
Let o(y) be the second derivative of -y**5/20 - y**4/3 + y**3/3 + 2*y**2 + 4*y. Let l be o(-4). Let b = 0 - l. Is b a prime number?
False
Is ((-6)/3)/((-10)/2545) composite?
False
Suppose -40*a = -38*a - 902. Is a a prime number?
False
Let q be (-6)/8 + 46/8. Let h(b) = b**3 - 5*b**2 + 2*b - 7. Let s be h(q). Suppose f = -s*d + 48 + 67, d = -2*f + 250. Is f a prime number?
True
Suppose 0 = 5*z + 30 + 20. Is (-7)/35 - 1912/z a prime number?
True
Suppose -3*y - 188 = -4*j, -3*j + 3*y + 85 + 53 = 0. Is (j/8)/(2/8) a composite number?
True
Suppose 8 = -0*w - 2*w. Let x = 8 + w. Suppose -2*l + l - 13 = -5*h, -8 = -x*l + 5*h. Is l prime?
True
Suppose 4 = 2*a + 2*a. Is (1 + -443)/(-3 + a) a prime number?
False
Let g be (-2)/9 - 800/(-36). Suppose 3*u = -7 + g. Let l = -3 + u. Is l a composite number?
False
Let x(i) = -16*i. Let a(s) = -4 - 3*s + 4. Let h(q) = 11*a(q) - 2*x(q). Is h(-10) a composite number?
True
Suppose 2*u + 3*f - 31 = u, -f + 4 = 0. Is u prime?
True
Let n be 1084/(-16) - 1/4. Suppose -4*w = -20, 5*w + 3 = -2*m + 282. Let x = n + m. Is x a prime number?
True
Let v = 14 - 11. Suppose v*w + 310 = 1231. Is w composite?
False
Let q(n) = 4 + 10*n + 4*n**2 - 5*n + n**3 + 0*n**2 - 3*n**3. Suppose 5*g - 2 + 17 = 0. Is q(g) a prime number?
True
Let g(x) = -3*x. Let s(f) = -3 + 2*f + 7*f + 0 + 2. Let z(k) = 11*g(k) + 4*s(k). Is z(5) composite?
False
Suppose 19679 = -f + 4*f - 2*x, 0 = 2*x - 10. Is f prime?
True
Suppose r = -3*r + 4*o + 472, 5*r - o = 602. Let x = r + 148. Is x a composite number?
False
Suppose -4*o + 2 = 6. Let k(b) = 65*b**2 - 3*b - 1. Is k(o) composite?
False
Let f be -1 - ((-26)/(-3))/(14/(-84)). Suppose h + 2 = 2*h. Let u = h + f. Is u composite?
False
Suppose -3*o = -2*o - 3. Suppose 0 = -q + 3*g + 60, o*q - 180 = g - 2*g. Suppose -5*p = -3*t - q, -p + 2*p - 10 = t. Is p composite?
True
Let v = -2 - 1. Let i(y) = 4*y**3 + y**2 - 3*y - 1. Let p be i(-3). Is p/v - (-2)/3 a composite number?
False
Is (-30)/(-105) - 10762/(-14) composite?
False
Let k(q) = q**2 + 3*q + 3. Let u be k(-4). Let z = u - 1. Is (-4)/z*159/(-2) a composite number?
False
Let f(i) be the second derivative of 16*i**5/5 + i**4/6 - i**2/2 + i. Is f(1) prime?
False
Let q(j) = -4 + 0 + 1 - 1 + 3*j + 10*j**2. Let y(i) = i**2 - 8*i + 9. Let f be y(6). Is q(f) a prime number?
False
Let l be (-38 - 0)*125/(-10). Suppose 0 = 4*g + 5*x + 187 - l, -x = 2*g - 150. Is g a prime number?
False
Let r be (-3)/(-1)*21/(-9). Let s(x) = -x**3 - 7*x**2 - 8*x + 11. Let k(v) = -4*v**3 - 27*v**2 - 33*v + 45. Let m(i) = 2*k(i) - 9*s(i). Is m(r) a prime number?
True
Let p be 5*-2*(-8)/20. Is 634/8 - p/16 a prime number?
True
Suppose 5*i = -r + 13 + 40, 0 = 4*r + 3*i - 144. Suppose -4*w + r = 4*a - 3, -2*w = -5*a + 52. Is a a composite number?
True
Let n(w) = 7*w**3 - 3*w**2 - w + 1. Let b be n(-2). Is (-1 + b)*7/(-14) prime?
False
Is (22/4)/((-1)/(-22)) a prime number?
False
Let p = -9 + 14. Suppose 2*d + 0*n - 106 = -p*n, 4*d + 2*n - 228 = 0. Is d a prime number?
False
Let b(c) = -c - 8. Let q be b(-10). Suppose -o = o + q. Let y = o - -12. Is y a prime number?
True
Let y = 963 + -244. Is y a prime number?
True
Let y(r) = 74*r. Let m be y(1). Is (m/(-4))/(1/(-10)) a composite number?
True
Let w = 67 - -39. Is w prime?
False
Suppose -4*m + 2117 = -5*t, -4*m + 944 + 1200 = 4*t. Is m a prime number?
False
Let j(b) = -6*b + 5*b - 14*b - 14*b. Is j(-7) composite?
True
Let l = 0 - -2. Let o = 2 - l. Suppose -y - p = -77, -2*y + 0*p - p + 151 = o. Is y a composite number?
True
Suppose a - 11 = 9. Suppose 0 = -4*c - 20, -c = -z + a + 620. Is z composite?
True
Let p(a) = -23*a - 2. Let c(u) = -u**3 + 6*u**2 - 5*u - 3. Let m be c(5). Is p(m) composite?
False
Suppose 0 = -2*h - 2*u - 7 - 3, 0 = 4*h + 3*u + 15. Suppose -2*g + 2*q - 18 = 3*g, h = 5*g + q + 6. Let r = 4 - g. Is r a prime number?
False
Let x(g) be the second derivative of g**4/12 + 11*g**3/6 + 13*g**2/2 + g. Is x(-11) composite?
False
Let s = 3 + 0. Suppose 0 = 5*g + 5*w + 2 - 27, 4*g - s*w = 6. Is g a composite number?
False
Let i(v) = 4 - 4 + 3*v - 9 - v. Is i(10) a composite number?
False
Suppose -2*s = 2*s - 460. Let k = 180 - s. Is k a composite number?
True
Suppose -2*u + 422 = i + 3*i, 5*u - 1055 = 5*i. Is u a prime number?
True
Is (5 - 1)/4 - -24 composite?
True
Suppose -q = 2*q + 24. Let o = -3 - q. Is 4/10 + 393/o prime?
True
Let p = 16 + 435. Is p a prime number?
False
Suppose -11*w - 526 = -13*w. Is w a composite number?
False
Let r(s) = -s**3 - 4*s**2 + 12*s + 19. Is r(-10) composite?
False
Let n be 2/(-9) + 12/54. Suppose -4*f + 210 = -j, n = 2*f - 5*j - 69 - 27. Is f composite?
False
Let g(p) = p**2 + 5*p + 7. Is g(7) a prime number?
False
Suppose 0 = -2*s + 111 + 19. Suppose s = f + 3*u, -3*f + u + 190 = -5. Is f a prime number?
False
Let w(b) = -10*b**2 - 5*b. Let t be w(-2). Is (790/t)/((-2)/6) a prime number?
True
Let d = -1 + 4. Suppose -4*s + 67 = -d*s. Is s prime?
True
Let p(c) = 7*c**2 + 9*c - 3. Is p(-5) a prime number?
True
Let y(p) = -p**3 - p**2 + 5. Is y(-7) a composite number?
True
Let g = 967 - 674. Is g a composite number?
False
Let b(z) = -50*z - 5. Let f be b(-3). Suppose 0*k + 145 = k - 5*w, k = -4*w + f. Is k composite?
True
Let z(f) = -26*f + 4. Let g be z(6). Let o = -39 - g. Is o a prime number?
True
Suppose -3*v + 124 = l, 4*v = -8*l + 3*l + 598. Suppose 21 = -a + l. Is a a composite number?
False
Let o be (-4)/(-20) - (-28)/10. Let k = -12 + o. Is (k + 1)/(1 + -3) a prime number?
False
Suppose 14 = f + 5. Let k = f + 58. Is k composite?
False
Suppose -5*a + 3*h + 1052 = 0, 3*a + 96 = h + 728. Is a prime?
True
Suppose 2*l + 2 + 2 = 0. Let k be -2 + 3 + 0 + l. Is (2/(-4))/(k/20) prime?
False
Suppose r - 180 - 35 = 0. Is r composite?
True
Let a(w) = -w**3 + 12*w**2 - 2. Let z be a(12). Let j(r) = 18*r**2 + 4*r + 3. Is j(z) composite?
False
Let y(n) = n**3 + 10*n**2 + 9*n - 7. Is y(-7) composite?
True
Suppose 30155 + 3190 = -5*j. Is (-1)/4 - j/36 composite?
True
Is (-165)/10*1167*2/(-9) a prime number?
False
Let h be (0 + 0)/(-2 - -1). Suppose h = -2*i - 10 - 6. Is (i + 4)/(0 + -1) a prime number?
False
Let b(z) = z**2 + 5*z + 7. Let a be (1/(1/7))/(-1). Let o be b(a). Let i = 16 + o. Is i composite?
False
Let d(n) = 13*n - 4. Let u be d(3). Suppose 0 = -2*b - 3*b + u. Is b prime?
True
Suppose 5*x = c + 2*x + 17, 0 = -x - 4. Let i = c - -44. Is i a prime number?
False
Let w = -5 - -11. Is (-323)/(-2) + (-3)/w composite?
True
Suppose 2*g + 380 = h, -2*h + 515 + 244 = -3*g. Let m = -176 + h. Suppose 0 = 4*o - m - 46. Is o a composite number?
True
Let q be (-1